et a(s) = 8*s - 4. Calculate a(4).
28
Let c(y) = -6*y + 28. Determine c(8).
-20
Let g(m) = m**2 + 15*m + 37. Determine g(-12).
1
Let x(b) = -b**2 + 8*b - 8. Give x(9).
-17
Let d(i) = -i**3 - 21*i**2 - 64*i + 2. What is d(-4)?
-14
Let l(m) = m**2 + 11*m + 19. Determine l(-8).
-5
Let m(a) = 9*a**3 - a**2. Give m(1).
8
Let w(h) = -h**2 + 21*h - 39. Determine w(16).
41
Let o(m) = m**3 - 9*m**2 + 11*m + 21. Determine o(7).
0
Let b(n) = n**3 + 6*n**2 - 11*n - 13. Determine b(-7).
15
Let x(z) = -z**3 - 11*z**2 + 12*z - 7. Calculate x(-12).
-7
Let t(w) = -w**3 - 19*w**2 - 16*w + 10. Determine t(-18).
-26
Let c(l) = l**3 + 23*l**2 + 20*l - 14. Give c(-22).
30
Let l(q) = -2*q**2 - 36*q + 1. What is l(-18)?
1
Let u(d) = d**2 + 139*d + 2576. Determine u(-117).
2
Let u(f) = -f**3 + f**2 + 15*f - 6. Give u(0).
-6
Let w(d) = -7*d + 87. Determine w(13).
-4
Let l(t) = -t**2 + 26*t - 9. What is l(26)?
-9
Let t(f) = 2*f + 11. Give t(-8).
-5
Let a(h) = -h**3 + 4*h**2 - 2*h - 1. Give a(2).
3
Let h(c) = -17*c + 176. What is h(11)?
-11
Let h(l) = -l**3 - 7*l**2 - 5*l + 12. Determine h(-5).
-13
Let b(t) = 4*t**2 - 5*t + 2. Give b(4).
46
Let r(f) = -f - 1. What is r(-8)?
7
Let m(z) = 2*z**2 + 10*z - 8. Calculate m(-6).
4
Let o(v) = -v**2 + 13*v + 5. What is o(10)?
35
Let b(i) = -16*i**2. Determine b(1).
-16
Let c(u) = -2*u**2 - 46*u - 25. Give c(-19).
127
Let a(m) = -m**2 - 13*m - 2. Determine a(-13).
-2
Let m(z) = -z**2 + 9*z + 32. Determine m(12).
-4
Let f(z) = -4*z + 88. Give f(18).
16
Let d(s) = s**2 - 27*s - 87. Give d(29).
-29
Let f(s) = s**2 + 5*s + 2. Give f(4).
38
Let k(p) = -10*p - 10. Give k(3).
-40
Let b(l) = 8*l + 355. Give b(-44).
3
Let x(p) = p**2 - p - 7. Calculate x(-2).
-1
Let t(z) = -6*z + 12. What is t(2)?
0
Let m(r) = r**3 + 10*r**2 + 12*r + 1. What is m(-6)?
73
Let h(x) = -2*x**2 - 11*x - 7. Determine h(-5).
-2
Let c(i) = 4*i**2 + 5*i + 2. Calculate c(-3).
23
Let i(c) = 2*c**2 - 26*c - 3. Give i(16).
93
Let y(o) = o**2 + 4*o + 6. Give y(-4).
6
Let j(q) = 2*q**2 + 13*q - 30. What is j(2)?
4
Let z(c) = 17*c - 34. Give z(2).
0
Let l(n) = n - 25. Give l(0).
-25
Let y(b) = -2*b - 40. Calculate y(-17).
-6
Let q(c) = c - 59. Determine q(18).
-41
Let i(a) = -2*a**3 - 20*a**2 - 23*a - 42. Calculate i(-9).
3
Let z(v) = v**3 - 8*v**2 - 6*v - 3. Determine z(9).
24
Let r(h) = -6*h - 12. Determine r(5).
-42
Let s(l) = -l**3 - 8*l**2 - 9*l + 6. Calculate s(-6).
-12
Let t(p) = 6*p + 1. What is t(-2)?
-11
Let t(m) = -m**2 - 2*m + 1. What is t(-5)?
-14
Let u(y) = 7*y**2 + 60*y - 61. Determine u(1).
6
Let q(m) = -4*m**3 + 2*m**2 - m - 2. What is q(1)?
-5
Let g(t) = -t**3 + 5*t**2 + 3*t + 1. What is g(6)?
-17
Let g(n) = 2*n**2 + 6*n + 3. Determine g(-4).
11
Let f(j) = 16*j - 1. Calculate f(1).
15
Let x(w) = -42*w**2 - 12*w + 13. Give x(1).
-41
Let h(z) = z**3 - 4*z + 1. Give h(2).
1
Let n(m) = -m**3 + 8*m**2 + 10*m + 13. Give n(10).
-87
Let t(q) = -q - 8. Give t(0).
-8
Let z(t) = -t**3 + 11*t**2 - 9*t - 19. What is z(10)?
-9
Let z(q) = -12*q + 6. Give z(2).
-18
Let r(c) = 32*c**3 + 2*c**2 - c. Determine r(1).
33
Let f(r) = r**3 - 37*r + 7. Give f(6).
1
Let s(p) = 6*p**2 + p + 1. Calculate s(-3).
52
Let m(d) = -d**3 - 2*d + 8. Give m(0).
8
Let i(a) = a**2 + 13*a - 207. What is i(-22)?
-9
Let h(r) = 2*r**2 + r - 6. What is h(0)?
-6
Let a(m) = m**2 - 3*m + 2. Determine a(0).
2
Let w(k) = k**3 - 7*k**2 - 11*k + 22. Give w(9).
85
Let l(m) = -m**2 - 3*m + 1. Calculate l(2).
-9
Let y(g) = -g**3 - 4*g**2 + 4*g + 2. Calculate y(-5).
7
Let c(n) = -n**3 - 12*n**2 - 3*n - 18. Give c(-12).
18
Let u(o) = 3*o + 34. What is u(-13)?
-5
Let q(a) = -27*a + 12. Determine q(2).
-42
Let c(g) = g**2 + 14*g - 15. Calculate c(-14).
-15
Let m(k) = k + 11. Calculate m(-4).
7
Let j(w) = w**3 + 14*w**2 + 14*w + 16. What is j(-13)?
3
Let p(a) = -4*a + 20. Determine p(6).
-4
Let q(b) = b**3 - 8*b**2 - 6*b + 9. Give q(8).
-39
Let s(u) = u**3 - u**2 - 16*u - 18. What is s(-3)?
-6
Let p(c) = -c**3 - 14*c**2 - 12*c + 19. What is p(-13)?
6
Let a(t) = -t**3 - 45*t**2 - 7*t - 313. Calculate a(-45).
2
Let h(u) = 43*u - 82. Calculate h(2).
4
Let h(w) = -w**2 - 6*w + 68. Determine h(6).
-4
Let u(b) = -b**3 - 9*b**2 + 8*b - 4. What is u(-10)?
16
Let g(a) = -4*a + 11. What is g(4)?
-5
Let c(a) = -a**2 - 6*a - 3. Calculate c(-8).
-19
Let x(c) = -c**2 - 16*c - 12. Calculate x(-9).
51
Let v(k) = 6*k + 12. Determine v(-6).
-24
Let i(y) = 7*y + 93. What is i(-21)?
-54
Let j(l) = l**3 + 7*l**2 + 13*l + 2. Calculate j(-3).
-1
Let y(c) = -c**3 + 14*c**2 + 2*c - 28. What is y(14)?
0
Let v(f) = 3*f + 3. Determine v(-3).
-6
Let h(t) = -10*t**2 - t + 1. Give h(-1).
-8
Let c(a) = -a**3 + 3*a**2 - a + 5. What is c(3)?
2
Let o(i) = -i**3 - 7*i**2 - 3*i - 5. Calculate o(-7).
16
Let j(v) = -2*v**2 + 14*v - 1. What is j(6)?
11
Let v(s) = 3*s**3 + 5*s + 11. Calculate v(-2).
-23
Let m(l) = l**3 + 7*l**2 + 12*l + 6. Calculate m(-5).
-4
Let k(w) = -w**3 + 6*w**2 - 7*w - 6. Calculate k(2).
-4
Let o(d) = -d**3 + 24*d**2 + 2*d - 2. Give o(24).
46
Let i(p) = -2*p + 28. What is i(0)?
28
Let r(q) = 2*q**3 - 50*q**2 - 6*q - 22. Give r(25).
-172
Let a(p) = p**2 + 36*p + 73. Give a(-34).
5
Let d(l) = 2*l + 9. Calculate d(-6).
-3
Let l(g) = -g**3 + 12*g**2 + 39*g - 29. Calculate l(14).
125
Let f(z) = -2*z**2 - z + 19. Calculate f(-6).
-47
Let z(h) = -h**3 + 7*h**2 - 15*h + 113. Give z(7).
8
Let m(i) = 3*i - 32. Calculate m(10).
-2
Let d(r) = r - 7. What is d(6)?
-1
Let d(f) = -f**3 - 21*f**2 - 2*f - 30. Give d(-21).
12
Let s(a) = -7*a**3 - 3*a**2 - 2*a. Calculate s(-2).
48
Let b(o) = -33*o + 182. Calculate b(5).
17
Let z(h) = -4*h + 8. What is z(1)?
4
Let h(f) = -f**2 - 7*f + 2. What is h(1)?
-6
Let x(k) = k + 2. Determine x(3).
5
Let o(k) = k**2 + 3*k - 8. Calculate o(2).
2
Let u(l) = -l**2 + l + 9. Calculate u(4).
-3
Let d(r) = -r**2 - 9*r + 21. Calculate d(-11).
-1
Let u(w) = -w**2 + 8*w + 10. Give u(10).
-10
Let i(y) = y**2 + 6*y - 4. Calculate i(-6).
-4
Let o(y) = -2*y + 4. Determine o(-12).
28
Let l(v) = -v**3 + 4*v**2 + 2*v - 2. Give l(5).
-17
Let f(m) = -m + 4. Give f(-15).
19
Let j(n) = n**3 - 4*n**2 - 118*n + 3. Calculate j(13).
-10
Let u(z) = -z**2 + 18. Determine u(-4).
2
Let g(f) = -8*f + 144. Give g(14).
32
Let n(p) = 6*p - 103. What is n(18)?
5
Let f(s) = s + 27. Give f(-5).
22
Let b(x) = x**2 - 12*x - 2. Calculate b(12).
-2
Let d(j) = j**2 + 2*j - 12. Give d(-9).
51
Let h(s) = -4*s**3 + 3*s**2 + s - 4. Determine h(2).
-22
Let d(g) = -g**2 + 7*g - 5. What is d(4)?
7
Let g(h) = 7*h - 65. Calculate g(8).
-9
Let d(i) = -i**2 - 26*i + 124. Calculate d(6).
-68
Let t(i) = i**3 - 20*i**2 - 36*i - 197. Calculate t(22).
-21
Let d(a) = -22*a - 2. What is d(2)?
-46
Let n(b) = b - 6. Determine n(-16).
-22
Let b(h) = -h - 8. What is b(-7)?
-1
Let t(q) = -4*q + 9. What is t(10)?
-31
Let a(k) = -k**3 + 21*k**2 + 24*k - 51. Determine a(22).
-7
Let a(r) = -r - 38. Determine a(-9).
-29
Let t(h) = h**3 + h - 13. Determine t(0).
-13
Let k(b) = -b**2 - 2*b + 172. Determine k(12).
4
Let x(w) = 56*w - 10. Give x(0).
-10
Let t(n) = -2*n**2 - 11*n + 21. Give t(-9).
-42
Let p(h) = -3*h**3 - 53*h**2 + 17*h - 37. What is p(-18)?
-19
Let x(j) = j**2 + 3*j + 2. Give x(-3).
2
Let h(t) = -3*t**2 - 35*t - 55. Calculate h(-10).
-5
Let q(j) = -j**3 + 6*j**2 - 10*j + 11. Calculate q(5).
-14
Let j(o) = 69*o - 5. Give j(-1).
-74
Let l(o) = -o**2 - 5*o - 5. Give l(-5).
-5
Let v(c) = -c**3 + 8*c**2 - 8*c - 4. What is v(7)?
-11
Let m(u) = u**3 + 7*u**2 + 5*u + 2. Calculate m(-7).
-33
Let i(g) = 2*g - 24. Calculate i(17).
10
Let x(f) = 2*f**2 - 16*f + 4. Give x(0).
4
Let z(b) = -b**3 + 7*b**2 + 7*b - 4. Give z(8).
-12
Let i(w) = -w**3 + w**2 - w - 7. Calculate i(-2).
7
Let v(y) = y**3 + 4*y**2 - 30*y - 67. Calculate v(-2).
1
Let y(w) = w + 4. Calculate y(6).
10
Let x(j) = j**3 + j**2 - 35. Give x(0).
-35
Let z(w) = -w**2 + 11*w - 19. Give z(14).
-61
Let f(z) = -z**3 - 5*z**2 + 4*z + 17. Give f(-5).
-3
Let g(o) = -2*o + 9. What is g(16)?
-23
Let h(s) = s**3 - 22*s**2 + 2*s + 20. What is h(22)?
64
Let b(l) = -l - 7. Determine b(-3).
-4
Let u(b) = -8*b - 394. What is u(-50)?
6
Let n(k) = 6*k + 91. Give n(-9).
37
Let f(a) = a**2 + 13*a. Give f(-12).
-12
Let d(b) = b**3 + 5*b**2 - 3*b - 14. Determine d(-5).
1
Let j(b) = 3*b**3 + 50*b**2 - 20*b - 50. Give j(-17).
1
L